 by i?
13
What is the remainder when 11 is divided by (-4)/12*18/(-3)?
1
Let d(g) = 3 - 2*g - 4*g + 2*g**3 - 6*g**2 + 0. What is the remainder when d(5) is divided by 825/39 - -4 - 2/13?
23
Let q(m) = -5*m - 40. Suppose 48 = 2*k + 2*k. What is the remainder when q(-17) is divided by k?
9
Suppose -6 = -r - 1. Let w(p) = -p + 12. Let x(h) = 13*h**2 + h + 1. What is the remainder when x(-1) is divided by w(r)?
6
Suppose -h - 2 = -0*h. Let w = -2 - h. Suppose w*r + 42 = 2*r. Calculate the remainder when r is divided by 11.
10
Let g = -6 - -10. Suppose -12 - 31 = -4*l - 3*w, 3*l + 2*w - 31 = 0. What is the remainder when l is divided by g?
3
Let t be 6/(-2) + 3/3. Let c be ((-104)/(-10) + t)*-5. What is the remainder when c/(-10) - (-1)/(-5) is divided by 3?
1
Let w(g) = 6*g**3 - g**2 - g + 1. Let p be w(1). Suppose 0 = p*x - 55 - 5. What is the remainder when 35 is divided by x?
11
Calculate the remainder when ((-9)/5)/((-33)/220) is divided by 7.
5
Let w = -14 - -13. What is the remainder when (-9 - -6)/(w/13) is divided by 14?
11
Let j = -12 + 22. Let t = -6 + 12. Let v = t + 23. Calculate the remainder when v is divided by j.
9
Suppose 2*z - n = -2*z + 103, 2*z = 4*n + 34. What is the remainder when z is divided by 16?
11
Suppose 0 = c + c - 4, k = 2*c + 84. Suppose 2*u - k - 38 = 0. Suppose -2*x + 5*x = u. What is the remainder when 40 is divided by x?
19
Suppose -3*y = -y. Suppose y = -3*n + 40 - 10. Calculate the remainder when 29 is divided by n.
9
Let h be (24/(-28))/((-2)/(-14)). Let m = 14 + h. What is the remainder when 14 is divided by m?
6
Let f = 10 - -10. Let u be 257/7 + 4/14. Suppose 5*t + u = 3*o + t, -t = 4*o - 24. What is the remainder when f is divided by o?
6
Let v(p) = p**3 - 2*p**2 + p + 6. Let f = 1 - 0. Calculate the remainder when 1/f - -16*1 is divided by v(0).
5
Suppose -3*k = n - 36, 2*k + 248 = 5*n - 0*k. Suppose -3*s = -2*p + 3 - 51, -3*s + n = -5*p. What is the remainder when 30 is divided by s?
14
Suppose 0 = -2*v - 3*p + 32, -2*p + 102 = -2*v + 7*v. Let l(x) = 2*x**2 - 6*x. What is the remainder when v is divided by l(4)?
6
Let f(r) = 2*r**2 + 11*r + 4. What is the remainder when f(-7) is divided by 7?
4
Let y(s) = s**3 - 8*s**2 + 3*s + 5. Let a be y(8). Suppose -3*p + 0*o = -4*o - a, -2*p = -4*o - 14. What is the remainder when 42 is divided by p?
12
Let f(k) = -4*k**3 + k**3 + 5*k - 2*k**2 + 4*k**2 + 2*k**3 - 3. What is the remainder when 3 is divided by f(3)?
0
Let c(a) = -a**3 - a**2 - 7*a - 2. Let y = 18 - 5. Calculate the remainder when c(-3) is divided by y.
11
Suppose 3*b + 12 = -48. Let a = -17 - b. Calculate the remainder when 10 is divided by a.
1
Suppose 4 = 4*i, g + 2*i = -i + 43. What is the remainder when g is divided by 14?
12
Let l(b) = -6*b + 2. Let x be l(-2). Let h = -4 + x. What is the remainder when 28 is divided by h?
8
Let a = -63 + 40. Let x = a + 37. What is the remainder when 25 is divided by x?
11
Let q(t) = 2*t + 0 + 3 - 5*t - 2*t**2 + t**2. What is the remainder when 2 + (-1 - 3/(-1)) is divided by q(-3)?
1
Let t(a) = a**3 + 4*a**2 - 4*a + 2. Let j be t(2). Let s = -4 + j. What is the remainder when s is divided by 3?
2
Suppose 2*l - 332 = -2*l. What is the remainder when l is divided by 21?
20
Suppose -2*l = 3*l - 20. Suppose 5*h - f - 6 = 3*f, l*f = h + 2. Calculate the remainder when 8 is divided by ((-7)/14)/(h/(-12)).
2
Calculate the remainder when 17 is divided by (2 - 36)*17/(-34).
0
Suppose -2*v + 0*v = -2*w - 48, 0 = v + 5*w - 12. Calculate the remainder when 131 is divided by v.
21
Let g be 2/(-10) + (-63)/(-15). Suppose -2*h + 2*z = 3*z - 15, -g*h + 4*z = 0. Let n = 22 + -14. Calculate the remainder when n is divided by h.
3
Let o = 3 - -1. What is the remainder when 19 is divided by o?
3
Let r(f) = -6*f**2 + f - 1. Let k be r(1). What is the remainder when -129*(0 + 2/k) is divided by 22?
21
Let u = -131 - -140. Calculate the remainder when 26 is divided by u.
8
Let h(j) = j - 1. Suppose -g = 2*p - 3, 0 = 5*g + 2*p - 7*p - 15. Calculate the remainder when h(6) is divided by g.
2
Let q = 131 - 116. Calculate the remainder when 40 is divided by q.
10
Let k = -17 + 10. Let p(j) = -11*j - 9. Let b be p(k). Suppose -3*s + 70 = -i, 2*i = -3*s + 4*i + b. What is the remainder when s is divided by 13?
11
Let g(j) = j - 5. Let w be g(5). Suppose -5*o = -3*n + 158, w = 4*o - 8. Suppose -4*a - 7 = -83. Calculate the remainder when n is divided by a.
18
Let k be ((-4)/8)/(1/(-4)). Suppose -96 = k*r - 5*r. What is the remainder when r is divided by 11?
10
Let a(m) = -2*m**3 - m. Calculate the remainder when (3/9)/(3/72) is divided by a(-1).
2
Suppose 0*s + 5*s + 40 = 0. Let c be 60/s*(-8)/10. Suppose -2*x - x = -c. Calculate the remainder when 4 is divided by x.
0
Suppose 4*m + 3*m = 98. What is the remainder when 53 is divided by m?
11
Let i(f) = f**3 + f**2 - f + 21. Let p = 19 + -8. What is the remainder when i(0) is divided by p?
10
Let d(a) = a**2 + 10*a + 13. Suppose -19 = -4*q - 5*u, 5*q - 2*u - 23 - 9 = 0. Calculate the remainder when q is divided by d(-9).
2
Let q(y) = 29*y**2 + 2*y + 1. Calculate the remainder when 2/(-7) - 15363/(-189) is divided by q(-1).
25
Suppose -245 = 5*u + 5*w, 82 = -6*u + 4*u + 2*w. Let q = u - -68. Suppose -3*i = -242 + 41. Calculate the remainder when i is divided by q.
21
Let w = 2 + 0. Suppose 68 = 4*x + 4*r, 0*r - w*r + 88 = 5*x. What is the remainder when 33 is divided by x?
15
Let y(a) = -a**3 + 5*a**2 - 3*a + 4. What is the remainder when 28 is divided by y(4)?
4
What is the remainder when ((-5187)/(-49) - 0) + 1/7 is divided by 36?
34
Suppose 2*d + 36 = 4*n, -6*n + 31 = -n + d. Let v = n + -1. Calculate the remainder when v is divided by 4.
2
Let g(w) = w**2 + 5*w + 2. Let a be g(-2). Suppose 0*p = 3*p - 6. What is the remainder when p is divided by (-3 - a)*(-3 - -4)?
0
Suppose -2*l + 1 + 3 = 0. Suppose -4*c - q = -75, 2*c + q = 35 + l. Suppose c = -g + 2*g. Calculate the remainder when g is divided by 10.
9
Suppose -3 - 13 = -2*w. What is the remainder when 23 is divided by w?
7
Suppose 5*t + 9 = 74. Suppose -2*z = -z - t. Calculate the remainder when 20*((-12)/15 + 2) is divided by z.
11
Let f = -347 + 358. What is the remainder when 29 + -1 + 4 + -2 is divided by f?
8
What is the remainder when 21 is divided by 2 + -5 - 1 - -13?
3
Suppose -5*t - 15 = 5*r, 6 = r - t + 3. Let h be (-26 - r)*(-1)/2. Suppose k = 26 + h. Calculate the remainder when k is divided by 20.
19
Let f be 10/6 - (-14)/(-21). Calculate the remainder when 66 is divided by ((-34)/6)/(f/(-3)).
15
Let f(a) = a**2 + 3*a - 12. Let s be f(-10). Let h = -28 + s. Calculate the remainder when h is divided by 11.
8
Let o(v) = 22*v**2. Let d be o(1). Suppose 2*b = a - d, 2*a = a - 5*b + 22. Calculate the remainder when 41 is divided by a.
19
Let i be (-1 + 0)*(38 + -6). Let o = i - -72. Calculate the remainder when o is divided by 14.
12
Suppose 0 = -5*c - 0*c + 150. Suppose 78 = 5*l - p + 12, -l + c = 4*p. What is the remainder when 54 is divided by l?
12
Let c(s) = s**3 + 2*s**2 - 6*s + 2. Calculate the remainder when c(-3) is divided by 8.
3
Suppose 3*k - 42 = -3*r, -23 = -r - 6*k + 2*k. What is the remainder when 52 is divided by r?
8
Calculate the remainder when 79 is divided by (-186)/(-9) - (-2)/(-3).
19
Let r = 41 - 35. What is the remainder when (32 - 1) + (0 - 2) is divided by r?
5
Let z be 61/(-4) + (-2)/(-8). Calculate the remainder when 21 is divided by ((-33)/z)/((-1)/(-5)).
10
Suppose -36 - 86 = 2*k. Let h = k + 107. What is the remainder when h is divided by 12?
10
Suppose 5 = y + 2, k = 2*y + 5. Calculate the remainder when 31 is divided by k.
9
Let s(u) = u**3 + 6*u**2 + 4. Calculate the remainder when 15 is divided by s(-6).
3
Let t be 39/65 + 6/(-10). Suppose 2*n + t*n = 152. What is the remainder when n is divided by 13?
11
Suppose -o + 2 = -0. Let k = -10 + 16. Calculate the remainder when k is divided by o.
0
Suppose 0 = -5*v + 2*l + 410, 2*l = -2*v + v + 70. What is the remainder when v is divided by 21?
17
Let o(c) = c**2. Let h(y) = 7*y**2 + 7*y - 5. Let l(g) = h(g) - 4*o(g). Calculate the remainder when l(-6) is divided by 21.
19
Let k = -8 + 5. Calculate the remainder when (15/(-4))/(k/8) is divided by 3.
1
Let w = -44 + 78. What is the remainder